+ w/20. What are the prime factors of k*((2 - 4) + 3)?
2
Suppose -s + 3*l - 12 = 0, -2*s - 5*l + 21 = -2*l. List the prime factors of 6/1 + (s - 1).
2
Suppose t - 5 = -4. Let y be (3*t)/((-6)/(-40)). Let d = y - 7. What are the prime factors of d?
13
Let a be 18/12*(2 - -4). Suppose -l + a + 6 = 0. What are the prime factors of l?
3, 5
Let n be 756/(-15) - 9/15. Let s = n - -79. List the prime factors of s.
2, 7
Let f(g) = -g**2 - 11*g + 7. Let s be f(-7). Suppose 2*u + s = 7*u + 4*a, -u = a - 7. List the prime factors of u.
7
Let f(x) = 2*x**2 - 2*x. Suppose 0 = 3*d + d + 12. What are the prime factors of f(d)?
2, 3
Suppose -4 = l - 3*l. List the prime factors of l.
2
Let h(v) = 15*v - 8. List the prime factors of h(3).
37
Let t(j) = 53*j**2 + 4*j + 5. List the prime factors of t(-2).
11, 19
Suppose -g - 5 = -5*d, 3*d - 23 = -4*g + 3. Suppose -2 = -d*l - 4. What are the prime factors of ((-24)/9)/(l/3)?
2
Suppose -2*r = -0*r. Suppose 0*f - 5*f + 95 = r. What are the prime factors of f?
19
Let m(a) = -a**2 + a - 1. Let o(l) = -l**2 + 13*l - 14. Let c be o(12). Let r be m(c). Let d = r - -25. List the prime factors of d.
2, 3
Let k be -2*3/6*-7. Let x = 27 - k. Suppose 0 = z - 3*z + x. What are the prime factors of z?
2, 5
Let c(j) = -37*j - 1. List the prime factors of c(-1).
2, 3
Let l = 11 - -25. Suppose 4*v = 1 + 11. Suppose 2*p = v*t + l, 2*t + 0*t + 8 = 0. List the prime factors of p.
2, 3
Suppose 4*r + 22 = 2*r. Let x = 7 - r. List the prime factors of 14/(-63) + 202/x.
11
List the prime factors of (4/12)/((-2)/(-12)).
2
Suppose 4 = -5*c - 4*z + 272, 46 = c - 3*z. Let y = 76 - c. List the prime factors of y.
2, 3
Let s be (-6 - -8) + 1 + 0. Suppose s*j - 4*k = 26, 3*j + 6*k - 35 = k. List the prime factors of j.
2, 5
Suppose 0 = -4*b + h + 621, -3*h - 3 = 12. What are the prime factors of b?
2, 7, 11
Suppose g = -3*g. Let t(b) = -b**3 + 0*b**2 - 2*b**2 + 3 + g. What are the prime factors of t(-3)?
2, 3
Suppose 18*x - 306 = 342. List the prime factors of x.
2, 3
Let x(z) = -2*z + 2. Let b be x(-2). Let o be (b/(-4))/((-3)/(-4)). List the prime factors of o/(-6) + 70/6.
2, 3
Let b = -97 + 97. Let z(x) = 2*x - 5. Let w be z(4). List the prime factors of (0 + w - b)*4.
2, 3
Let s(m) = -m - 2. Let v be s(-5). Suppose v*r = r + 6. Suppose -5*z - 5*f = -75, -3*z - r*f - 2*f = -53. List the prime factors of z.
11
Let k(u) = -u + 3. Let s be k(-9). List the prime factors of 1/(2*2/s).
3
Let w = 23 - -2. What are the prime factors of w?
5
Let x(q) = -q**3 - 4*q**2 + 5*q + 2. Let h be x(-5). Suppose -2*k = 6*u - u - 51, -5*u + 39 = -h*k. What are the prime factors of u?
3
Let s be (-1617)/(-12) + 3/12. What are the prime factors of ((-6)/5)/((-6)/s)?
3
Suppose -3*j = -2 - 4. What are the prime factors of j + -3 - 1 - -8?
2, 3
Let q(o) = o - 4. Let u be q(6). Suppose u - 6 = -2*w. List the prime factors of w.
2
Let d be 6/((18/(-4))/3). Let a be ((-6)/d + -2)*-8. Suppose -6 = g + 4*m, 5*m + 27 = -2*g + a*g. List the prime factors of g.
2, 3
Let v(z) = -z. Let p be v(0). Let o be (-3 + p)*(1 - 3). Suppose -18 = -4*n - y, -n + 5*y + o + 9 = 0. List the prime factors of n.
5
List the prime factors of ((-9)/(-6))/(2 - (-1527)/(-768)).
2
Let c = 65 - -10. List the prime factors of c.
3, 5
Let b(l) = 2*l**2 + 16*l + 11. Suppose 0 = 4*p - 0*p + 40. Let x be b(p). Suppose -o = -4*o + x. List the prime factors of o.
17
Let f = 10 + -8. Let m be ((-1)/f*0)/(-1). Suppose -2*j + 1 + 7 = m. What are the prime factors of j?
2
Let g = 2 + 1. Suppose -4*u + 9*u = 20. Suppose 4*r = 6*r + u, 10 = z - g*r. List the prime factors of z.
2
Let k = -10 + 2. Let g = k - -22. What are the prime factors of g?
2, 7
Suppose 3*j + 8 = -19. Let b be (-2 + j)/(-1) + -2. Suppose 0 = -3*h + 3, 5*o + 3*h - b = 54. List the prime factors of o.
2, 3
Let o(u) = -u + 5. Let x be o(0). Suppose 0 = z - 4*b - 23, b = x*z - 0*z - 77. List the prime factors of z.
3, 5
Suppose 4*u - 14 = 5*o - 3*o, 5*o - 2*u = -43. Let c = 27 + o. List the prime factors of c.
2, 3
Suppose 2*w = -w - 6. Let p be (2/(-3))/((-1)/3). What are the prime factors of p/(w - (-40)/18)?
3
Suppose -2*u - 2*y - 6 = -3*u, y + 3 = -3*u. Suppose -4*g + 38 = -g - 4*i, u = -5*g + i + 35. What are the prime factors of g?
2, 3
Let m(f) = -f**3 + 7*f**2 + 6*f - 15. What are the prime factors of m(6)?
3, 19
Suppose 0 = -i + 2*i + 4*t - 135, -5*t - 231 = -2*i. List the prime factors of i.
3, 41
Let b(o) = -2*o**2 + o**2 + 11 + 2*o**2 + 11. What are the prime factors of b(0)?
2, 11
Let v be -2 + (-2 - 3 - -2). List the prime factors of v*2*2/(-4).
5
Let t = 4 + -10. Let r = t + 12. List the prime factors of r.
2, 3
Let u = 19 - 13. List the prime factors of u.
2, 3
Let t(u) = 10*u + 26. List the prime factors of t(7).
2, 3
Let f(p) = -p**3 - p**2 - p - 3. What are the prime factors of f(-3)?
2, 3
Let i = -22 - -34. What are the prime factors of i?
2, 3
Suppose -3*u - u = -8. Let k be u + 0 + -1 - -3. Suppose 22 - 6 = k*q. What are the prime factors of q?
2
What are the prime factors of (-4)/6*3972/(-8)?
331
Let h(v) = -v**3 - v + 16. List the prime factors of h(0).
2
What are the prime factors of 15 + (1 - 2 - 2)?
2, 3
Suppose 5*b + 25 = 0, 5*b = -4*p + 2*p - 25. Suppose -3*i - 2*i + 20 = p. What are the prime factors of i?
2
Let m(l) = -l**3 + 11*l**2 + l + 22. What are the prime factors of m(8)?
2, 3, 37
Let d(p) = -p**2 - p + 42. Let g be d(0). Suppose b + 10 = g. What are the prime factors of b?
2
Suppose -4*p - p = 0. Suppose p + 8 = i. Let o = 23 - i. What are the prime factors of o?
3, 5
Let l(j) = j + 1. Let o be l(-1). Suppose o = -p - 5*m + 1, 3*p - 32 = p + 5*m. List the prime factors of p.
11
Let i(n) = -6*n - 2. Let t be i(-2). Let r(v) = v + 24. List the prime factors of r(t).
2, 17
Suppose -2*y - 16 = -2*m, -3*y - 20 = y. Let u(f) = m*f - 3 + 0*f + f. List the prime factors of u(5).
17
Let p(x) = -6*x - 8. What are the prime factors of p(-6)?
2, 7
Let q = -4 - -31. Suppose 0 = 4*h - 2*p - 30, q = 2*h - 4*p - p. What are the prime factors of h?
2, 3
What are the prime factors of (-25)/(-5) + (90 - 1)?
2, 47
Suppose 3*b - 71 = -7*l + 6*l, -4*b = 5*l - 377. List the prime factors of l.
7, 11
Let o be (-3)/9 + (-76)/(-3). Let c be ((-36)/(-15))/(2/(-10)). List the prime factors of o/4 - 9/c.
7
Let n(j) = 2*j - j**2 + 0*j - 1 + 0*j**2 - 12*j**3 - 3*j. Let q be ((-4)/6)/(4/6). List the prime factors of n(q).
11
Let q be 44/16 + 1/4. Suppose q*o = 40 + 26. Suppose -v - 26 = -5*v - 2*s, 3*v - s - o = 0. What are the prime factors of v?
7
Suppose -2 = 2*q - 6. What are the prime factors of 245/20 + q/(-8)?
2, 3
Let x = -3 + 7. Suppose 0 = x*l + k + 40, -3*l = -4*k + 14 - 3. What are the prime factors of -3*1*6/l?
2
Let j(a) = -a - 20. Let g be j(0). Let w be 1/(-2*2/g). Suppose 3*o - w = 4. What are the prime factors of o?
3
Let a(z) = -z**2 - 4*z + 5. Let j be a(-6). List the prime factors of -1 + (-1 - (j + -3)).
2
Let x(v) = 45*v**2 + 2*v + 1. Let b be x(-1). Suppose 4*g = -0*p - 2*p + 32, 0 = 4*p + 3*g - b. List the prime factors of p.
2
Suppose 4*c = 2*c + 10. Suppose 0 = 5*w + c*v - 0*v - 40, -w + 12 = -3*v. What are the prime factors of w?
3
Let j be -3*(4 - 3)/(-1). Suppose -3*v + 15 = 0, j*r + 4*v = 11 + 15. List the prime factors of r.
2
Let j be 3 + (-66)/((-1)/1). Suppose 0*p = -3*v - 3*p + j, 16 = 2*v - 4*p. What are the prime factors of v?
2, 3
Suppose -2*v + 15 = -3*y, v - 3*y + 2 = 17. Suppose -q + 14 = n - v, q - 5*n = 26. List the prime factors of q.
2
Let o(m) = -m**2 - 16*m + 5. List the prime factors of o(-13).
2, 11
Let u = 6 + -4. Let y be (3/(-4))/(u/(-8)). Suppose -y - 2 = -x. List the prime factors of x.
5
Let y(h) be the second derivative of 11*h**5/20 + h**4/6 - h**3/6 + h. Let q be y(1). Suppose 0*k - 3*k + q = 0. List the prime factors of k.
2
Let w(o) = o. Let r(s) = s - 3. Let c(z) = -r(z) + 3*w(z). Let l = 8 + -4. List the prime factors of c(l).
11
Suppose 0 = -5*b - 4*o - 440, 4*o = -4*b + 5*b + 88. Let i = b - -128. List the prime factors of i.
2, 5
Let s(v) = 9*v**3 - 2*v**2 + 3*v + 3. List the prime factors of s(2).
73
Let v = -78 + 14. Let c = v + 104. List the prime factors of c.
2, 5
Suppose -16 = -4*s + 80. Suppose 0*x = 2*x - 3*h - 12, -4*x = 2*h - s. What are the prime factors o